332 and 10812.
204
What is the highest common factor of 2931 and 733?
1
Calculate the greatest common factor of 88194933 and 27.
27
Calculate the highest common factor of 133670 and 1090.
10
What is the highest common factor of 6675197 and 4309?
139
Calculate the highest common factor of 534 and 926223.
267
What is the highest common divisor of 60155 and 7473?
53
What is the highest common factor of 96220264 and 476?
28
What is the highest common divisor of 12990938 and 1508202?
7286
Calculate the highest common factor of 2758100985 and 45.
45
What is the greatest common factor of 3210 and 21188782?
214
Calculate the highest common divisor of 35596 and 4609.
11
What is the greatest common factor of 19834 and 2437091?
47
What is the highest common factor of 2227929 and 8952?
1119
What is the greatest common factor of 129058428 and 1128?
564
What is the greatest common factor of 448673 and 31084?
409
Calculate the highest common divisor of 182 and 73500.
14
Calculate the highest common factor of 41622482 and 66.
22
Calculate the greatest common divisor of 14256168 and 696.
696
What is the greatest common factor of 3404 and 2638988?
148
Calculate the greatest common factor of 20625 and 60407500.
625
Calculate the greatest common factor of 1239 and 62037143.
413
What is the greatest common factor of 1848993497 and 13?
13
What is the highest common divisor of 4118294 and 2158?
166
What is the highest common divisor of 938111 and 7089?
2363
What is the greatest common divisor of 14965617 and 4094?
2047
Calculate the highest common factor of 98 and 248163881.
49
What is the greatest common divisor of 397024 and 292144?
304
What is the highest common divisor of 533791100 and 350?
50
Calculate the highest common factor of 3839942 and 23.
23
What is the highest common factor of 62390 and 27574?
34
What is the highest common divisor of 8345 and 131812613?
1669
What is the highest common divisor of 7183 and 73073965?
653
What is the greatest common factor of 37584435 and 532875?
3045
What is the highest common factor of 42 and 21215152?
14
Calculate the greatest common divisor of 2603546 and 5302.
22
Calculate the greatest common factor of 21 and 38312337.
21
Calculate the greatest common divisor of 1129620 and 2034790.
670
What is the greatest common divisor of 1164 and 3331077?
291
What is the greatest common divisor of 651501 and 31133?
191
Calculate the greatest common divisor of 24843679 and 434.
217
What is the highest common divisor of 1783078 and 286?
22
Calculate the greatest common divisor of 154542 and 2477058.
258
Calculate the highest common factor of 89218 and 130448.
62
What is the greatest common factor of 21983823 and 23769?
1251
Calculate the greatest common divisor of 38318 and 4855438.
5474
What is the greatest common factor of 448 and 31753136?
16
Calculate the greatest common factor of 886 and 2320222246.
886
What is the greatest common factor of 705 and 3227760015?
705
What is the highest common divisor of 2388 and 136983640?
796
What is the highest common divisor of 131993 and 31749?
19
Calculate the highest common divisor of 630446712 and 56.
56
What is the greatest common divisor of 3021376 and 116?
4
What is the highest common divisor of 166950564 and 116?
116
Calculate the highest common factor of 2569 and 24765160.
2569
What is the highest common divisor of 169 and 16820401?
169
What is the highest common divisor of 14 and 1627249197?
7
What is the greatest common divisor of 196363 and 19?
1
What is the greatest common divisor of 1050480085 and 305?
305
What is the greatest common divisor of 600576 and 278576?
368
What is the highest common factor of 69 and 11125767?
69
What is the highest common divisor of 133104 and 40548?
12
What is the highest common divisor of 10641 and 939?
3
What is the greatest common divisor of 73963372 and 476?
28
What is the greatest common divisor of 29666 and 1252706?
182
Calculate the highest common divisor of 142415885 and 1564.
391
Calculate the highest common factor of 190 and 84361520.
190
What is the highest common divisor of 741845 and 7530055?
6565
Calculate the highest common factor of 2388 and 35674.
2
What is the highest common divisor of 3614 and 317356?
26
Calculate the greatest common factor of 16506 and 1734309.
1179
What is the greatest common divisor of 5873 and 244762309?
839
Calculate the greatest common divisor of 72106465 and 890.
445
Calculate the highest common divisor of 4674 and 34961520.
4674
Calculate the greatest common factor of 173709 and 306.
9
What is the greatest common divisor of 1726 and 42698651?
863
Calculate the highest common divisor of 3833610 and 990.
330
Calculate the greatest common factor of 383454396 and 8355.
1671
Calculate the highest common divisor of 185604224 and 1571.
1571
What is the highest common divisor of 6 and 28645263?
3
Calculate the greatest common divisor of 405 and 294045.
15
What is the highest common divisor of 3553861 and 12217?
643
Calculate the highest common factor of 7248 and 10296992.
2416
What is the greatest common factor of 340 and 19606695?
85
Calculate the greatest common divisor of 44811000 and 4900.
100
What is the highest common divisor of 31124 and 201438?
62
Calculate the greatest common factor of 486653010 and 5505.
5505
What is the highest common divisor of 31733 and 47411?
13
What is the greatest common divisor of 54028 and 1157446?
2078
What is the highest common factor of 2960512 and 1113424?
1616
What is the greatest common factor of 70478135 and 455?
455
Calculate the highest common factor of 2509700 and 200.
100
What is the highest common factor of 738 and 27240588?
18
What is the highest common factor of 295 and 40809415?
295
What is the greatest common divisor of 3360 and 4123140?
420
What is the greatest common factor of 134871 and 365855979?
12261
What is the greatest common divisor of 7812 and 98?
14
Calculate the greatest common factor of 221617 and 7535.
11
Calculate the highest common divisor of 10469287 and 86149.
397
Calculate the greatest common factor of 266491371 and 183.
183
Calculate the highest common divisor of 32140542 and 294.
42
Calculate the greatest common divisor of 4183 and 12706797.
89
What is the highest common factor of 12751520 and 1824?
32
What is the highest common factor of 25785 and 4005315?
135
Calculate the highest common divisor of 20588 and 149103443.
5147
Calculate the highest common divisor of 2285434 and 89598.
274
Calculate the greatest common factor of 3349 and 12223.
17
What is the highest common divisor of 172 and 35080?
4
Calculate the greatest common divisor of 14 and 2349599.
7
What is the highest common factor of 4565 and 238841713?
913
Calculate the greatest common factor of 164390 and 1908420.
170
What is the greatest common factor of 358 and 184144102?
358
What is the highest common divisor of 15115 and 10745?
5
What is the highest common factor of 12564 and 40806?
18
What is the highest common divisor of 500 and 53377925?
25
What is the highest common factor of 122402 and 423766?
14
What is the greatest common divisor of 544046 and 1442?
206
What is the highest common factor of 2729418 and 30?
6
Calculate the highest common factor of 33 and 445841.
11
What is the highest common factor of 382211 and 85?
17
Calculate the highest common factor of 3132 and 100717.
29
What is the greatest common factor of 1587 and 5672467?
529
Calculate the greatest common divisor of 88010 and 1296100.
130
What is the greatest common factor of 15348 and 184471449?
3837
What is the highest common divisor of 1068 and 2456044?
356
Calculate the highest common divisor of 25 and 114641.
1
What is the greatest common factor of 2124961 and 5?
1
Calculate the highest common divisor of 2071984 and 1.
1
Calculate the highest common factor of 4086180 and 1058.
46
What is the greatest common divisor of 22120 and 66865995?
2765
What is the highest common divisor of 12994498 and 22?
22
What is the highest common divisor of 23112413 and 25528?
3191
What is the highest common factor of 157861 and 300355?
1397
Calculate the highest common factor of 7469190 and 9.
9
Calculate the greatest common factor of 27738 and 258681.
69
Calculate the greatest common divisor of 121730 and 81326.
518
Calcula